ber?
True
Suppose h - 3*d - d + 229 = 0, 5*d + 523 = -2*h. Let y = 538 + h. Is y a composite number?
True
Let v(d) = 42*d**2 - 38*d + 13. Let u(g) = 42*g**2 - 36*g + 12. Let a(r) = 6*u(r) - 5*v(r). Is a(-5) a composite number?
False
Let b(v) = v + 37. Let d = 50 + -59. Let r be b(d). Is r/(-10) + 3 + (-8742)/(-15) prime?
False
Suppose -5*u + 108878 = -4*r, 4*r = 2*u - r - 43558. Suppose -u + 1068 = -7*k. Suppose 684 - k = -6*o. Is o a prime number?
True
Suppose -o = -2*v + v + 8, 3*o + 12 = -3*v. Let s(y) = 346*y**2 + 4*y + 7. Is s(o) a composite number?
True
Suppose 0 = -4*s + 1195023 + 1353493. Is s a prime number?
True
Suppose o + j = 2201, -7*o + 6*o + 4*j = -2221. Let w = o + -124. Is w composite?
False
Suppose -1697*f + 1693*f - 8 = 0. Is f - (9 - 9 - 6129) a composite number?
True
Is (-1 + 9)*(18/60 + 1288715/200) a prime number?
True
Let z = 8 + -8. Let q be 1149/((-4 + z)/4). Let g = -668 - q. Is g a prime number?
False
Let i be (7/(84/368))/((-4)/(-6)). Suppose i*g + 30 = 52*g. Suppose 3*l - 2305 = -2*q, -g*q + 6331 - 577 = -l. Is q a prime number?
True
Let g = -7097 + 19734. Is g prime?
True
Let a = -47821 - -169226. Is a prime?
False
Let w = 37 - 33. Suppose w*f = -4*i - 128, 2*f = 5*f + 4*i + 95. Is ((-4)/(-12))/((-1)/f) composite?
False
Let i be (2/6*-4)/((-68)/102). Suppose 2*p - 5*h = -10*h + 25453, -3*p + 38207 = i*h. Is p a prime number?
True
Let v(b) = 6172*b**2 + 60*b + 3. Is v(-2) composite?
False
Suppose 8880933 + 1396796 = 77*m. Is m a prime number?
False
Suppose 67*g = 23*g - 15*g + 2003581. Is g a composite number?
True
Let u = 2665 - 1880. Let b = u + 926. Is b a prime number?
False
Let s(x) = -59948*x + 2441. Is s(-4) a composite number?
True
Let z = -37 + 41. Let h(p) = 8*p**2 + p - 11. Let g(c) = 8*c**2 + c - 12. Let y(r) = z*h(r) - 3*g(r). Is y(9) prime?
False
Let v(z) = -4*z**3 + z**2 + 18. Let y be v(8). Let l = y - -4325. Is l a composite number?
True
Let m(y) = 2172*y**2 + 2187*y**2 + 293 - 4360*y**2 - y**3. Suppose f + 5 = -0*f - x, 3*x = -5*f - 15. Is m(f) composite?
False
Let r = 71979 + 2668. Is r a composite number?
True
Suppose -u + 9562 = 2820. Let m = 2194 + u. Suppose 8*n - 1840 = m. Is n a composite number?
True
Let h = -2289 - -2301. Let k(a) = 7*a**2 + 13 - 2*a**2 + 11*a + 3*a. Is k(h) composite?
True
Let x(u) = 505*u - 48. Suppose -8*i = -9*i + 3*j - 5, 4*i + j = 32. Is x(i) prime?
False
Let k(h) = -h**3 + 14*h**2 - 698*h + 233. Is k(-56) composite?
True
Let s = -162 + -1166. Let r = 7927 + s. Is r a prime number?
True
Let c(r) = 3969*r**3 + 7*r**2 - 55*r + 163. Is c(4) prime?
True
Suppose 0 = 58*y - 48*y - 1318700. Suppose 10*t + y = 390460. Is t a prime number?
False
Let m = -14 - -8. Is (-5 + 11401 - -3) + m a composite number?
False
Suppose -5*m + 189719 = -19*m + 810633. Is m a prime number?
True
Suppose 0 = -3*a + 8*a. Suppose a = -10*t + 12*t - 4474. Is t a composite number?
False
Suppose -1791542 = 30*s - 6966212. Is s a composite number?
False
Let d = -8 - -11. Suppose 3*y + 0*w - 4229 = w, y = d*w + 1407. Suppose -9*j + y = j. Is j a prime number?
False
Let c be (6874/7 + 7)/(2/50). Let k = 36454 - c. Is k a composite number?
True
Let c be ((-8)/14)/(11/(-77)). Suppose -1 = y - 3*r, -3*r = y + 3 + c. Is y*(-3 - -2) + 765 prime?
True
Let d(z) = z**2 + 4*z + 12. Let r be d(-4). Suppose -r*w + 8*w = 32. Is (-1486)/(-1)*((-36)/w - 4) prime?
True
Let f(x) = 2*x**2 - x + 12*x**3 - 21 + 21. Let a be ((-4)/(-6))/(22/33)*1. Is f(a) composite?
False
Let a(c) be the second derivative of -33*c**3 - 11*c**2/2 - 8*c. Let z be a(-2). Suppose 146 = b - 3*n, n = -4*b + z + 264. Is b prime?
False
Suppose 5*n = -6 - 39. Let z(c) = 9 - 14 - 3 + 2*c**2 + 3. Is z(n) prime?
True
Let x(f) be the second derivative of 3*f**3/2 + f**2 + 9*f. Let z be x(-1). Let s(p) = -105*p + 4. Is s(z) a composite number?
False
Let s(a) = -12*a + 37. Let x(r) = -5*r + 18. Let n(g) = -3*s(g) + 7*x(g). Let c be n(-12). Suppose -c*k + 356 = -o, 4*o - 3*o + 594 = 5*k. Is k prime?
False
Let v be (-5875)/(-20) + (-2)/(-8). Let d = 1997 - -3090. Let l = v + d. Is l prime?
True
Suppose 2*h + 21598275 = 32*h - 5*h. Is h a composite number?
True
Suppose s - 6*s = -2*g + 400, 0 = 3*g. Let v be (-11)/(10/s + (-14)/16). Suppose -j = -6*j - 4*b + 55, 3*b + v = j. Is j a composite number?
False
Let j = -213620 - -1461541. Is j prime?
False
Suppose -1255379 = -69*i + 949654. Is i prime?
True
Let c = 26464 + -8977. Let h = -12088 + c. Is h prime?
True
Is 22846 + 5/5*7 a prime number?
True
Suppose -4*v + 8*l - 1157856 = -3677004, 0 = 2*v + 2*l - 1259550. Is v a prime number?
True
Is 8 + 34254/27 + 8/(-12) + 1 composite?
False
Suppose -9*o + 5 = -8*o. Suppose 0 = o*m + z - 11243, 11924 - 2929 = 4*m + z. Let w = m - 887. Is w prime?
True
Let h(o) = o - 4. Let g(n) = n**3 - 3*n**2 - n - 5. Let d be g(4). Let r be h(d). Suppose -4*y + 2*l + r*l + 1564 = 0, 4*y - 1564 = -3*l. Is y composite?
True
Suppose 4*b + 7*b = b. Suppose 2*a = -2*m - 0*m + 516, -a + 3*m + 254 = b. Is a a composite number?
False
Let b(x) = x + 6. Suppose 29 = -4*r - o, 5*r + 4*o + 7 = -21. Let f be b(r). Is (-1)/f - 579/(-6) a composite number?
False
Let c be (0/(-2))/(3 - 1). Is 264417/106*(2 + c) a prime number?
False
Let b(a) be the second derivative of -1623*a**5/20 - a**4/4 - a**3/3 - a**2/2 + 4*a + 6. Is b(-1) a composite number?
False
Let n = -182 - -142. Is (-5)/(n/11724) - (-2)/(-4) composite?
True
Let i(a) = -28*a**3 - 16*a**2 + 7*a + 16. Let z be i(-10). Is 28/(-84)*z/(-2) prime?
True
Let j(v) = 96*v**2 + v. Let i(u) = -u**3 - u + 5. Let t be i(0). Suppose t*y - 2 = 3. Is j(y) composite?
False
Suppose -5*s + m + 145232 = -3*m, 5*s + 3*m - 145246 = 0. Let p = -15651 + s. Is p a prime number?
True
Let v = 90 + -86. Suppose v*r - 123965 = -r. Is r prime?
True
Is ((-6)/9*207330/40)/(4/(-8)) composite?
False
Let q(p) = -24407*p - 694. Is q(-1) a composite number?
True
Suppose 2*r - 5*j - 12691 = 0, -4*r = 4*j - 3*j - 25327. Suppose 2*u - i - 12676 = 0, -15*u + 14*u - 2*i + r = 0. Is u composite?
False
Let m(f) = -f**3 - 9*f**2 + 10*f + 2. Let h be m(-10). Let q be (h - (4 + -6)) + -2. Is (1/(-3))/((-3)/(q + 385)) composite?
False
Let w(o) = 6*o**3 - 49*o**2 + o - 7. Let m(f) = -f**3 + f**2 - 2*f. Let n(l) = -5*m(l) - w(l). Is n(-12) a composite number?
False
Let y be 35/(-10)*(2 - -6)/(-2). Let s(d) = -d**3 + 15*d**2 - 14*d + 19. Let g be s(y). Suppose -11*a = -1246 - g. Is a composite?
True
Let m(b) = 1475930*b**3 + 12*b**2 - 11*b + 4. Is m(1) prime?
False
Let p(z) be the third derivative of z**4/4 + 5*z**3/6 - 24*z**2. Let j be p(0). Suppose 2*s + 2*s + j*b - 9741 = 0, -5*b = 3*s - 7312. Is s composite?
True
Suppose -42*b + 18896568 - 3905552 = -13498802. Is b a composite number?
False
Let x = -9463 - -39615. Let l = x - 16795. Suppose 5*a - l = -4*m, 2824 = -3*m - 3*a + 12844. Is m a composite number?
False
Let y be -4 + (-7)/(-1) + -2. Let r be 0 + -1 + (y - -6). Suppose 0 = -r*d + 2035 - 637. Is d composite?
False
Let u(y) = 1118*y + 239. Let i = -38 - -44. Is u(i) a prime number?
True
Let t(y) = 39*y**2 - 3*y + 2. Suppose -4*x + u + 12 = 0, -3*x - 2*x = -u - 15. Let s = -2 + x. Is t(s) a prime number?
False
Suppose -7737473 = 180*k - 39718613. Is k a composite number?
True
Suppose -32 + 5 = -9*m. Let d be 30*(-11)/(-99)*m*1. Suppose 0 = d*k - 14*k + 5892. Is k composite?
True
Suppose 4*u - h = 5471, -4*u - 5466 = -8*u + 2*h. Is u composite?
True
Suppose -3*d = -d + 5*i - 13, -4*i = -d. Suppose d*g = -0*g + 6540. Is ((-4)/(-10))/(3/g) a prime number?
False
Suppose -626584 - 1138842 = -26*t. Is t prime?
True
Let g(n) = -59*n - 698*n + 94 + 50*n. Is g(-17) a prime number?
True
Suppose 48*y - 17326 = 47*y. Suppose -7*c = -10597 - y. Is c a prime number?
True
Let g(p) = -2*p - 10. Let w be g(-6). Is 12930 + -1*(w + (-3)/3) composite?
True
Let i = 14 + -10. Let v be ((-140)/(-6) - i)*231. Suppose -14*m + 11*m = -5*f - v, 4*f = 3*m - 4471. Is m composite?
True
Suppose -10193 - 8885 = -37*k - 4685. Is k a prime number?
True
Suppose 0 = 41055*i - 41101*i + 17284178. Is i composite?
False
Suppose -16*p + 13*p = -6. Let y be ((0/(-5))/4)/p. Suppose y = 2*w - 1388 - 210. Is w a prime number?
False
Let h(j) = -2283*j - 297. Let z be h(8). Let d = -11962 - z. Is d composite?
F